[INFO] cloning repository https://github.com/tylerhawkes/adventofcode2019
[INFO] running `Command { std: "git" "-c" "credential.helper=" "-c" "credential.helper=/workspace/cargo-home/bin/git-credential-null" "clone" "--bare" "https://github.com/tylerhawkes/adventofcode2019" "/workspace/cache/git-repos/https%3A%2F%2Fgithub.com%2Ftylerhawkes%2Fadventofcode2019", kill_on_drop: false }`
[INFO] [stderr] Cloning into bare repository '/workspace/cache/git-repos/https%3A%2F%2Fgithub.com%2Ftylerhawkes%2Fadventofcode2019'...
[INFO] running `Command { std: "git" "rev-parse" "HEAD", kill_on_drop: false }`
[INFO] [stdout] 9c17ae77eb1b4b472b1cb8253fce7677f18cb890
[INFO] checking tylerhawkes/adventofcode2019 against master#cfbc6d4cf1acbac5c025acf8ed68929caa551df3 for pr-75494-beta
[INFO] running `Command { std: "git" "clone" "/workspace/cache/git-repos/https%3A%2F%2Fgithub.com%2Ftylerhawkes%2Fadventofcode2019" "/workspace/builds/worker-9/source", kill_on_drop: false }`
[INFO] [stderr] Cloning into '/workspace/builds/worker-9/source'...
[INFO] [stderr] done.
[INFO] validating manifest of git repo https://github.com/tylerhawkes/adventofcode2019 on toolchain cfbc6d4cf1acbac5c025acf8ed68929caa551df3
[INFO] running `Command { std: "/workspace/cargo-home/bin/cargo" "+cfbc6d4cf1acbac5c025acf8ed68929caa551df3" "read-manifest" "--manifest-path" "Cargo.toml", kill_on_drop: false }`
[INFO] started tweaking git repo https://github.com/tylerhawkes/adventofcode2019
[INFO] finished tweaking git repo https://github.com/tylerhawkes/adventofcode2019
[INFO] tweaked toml for git repo https://github.com/tylerhawkes/adventofcode2019 written to /workspace/builds/worker-9/source/Cargo.toml
[INFO] crate git repo https://github.com/tylerhawkes/adventofcode2019 already has a lockfile, it will not be regenerated
[INFO] running `Command { std: "/workspace/cargo-home/bin/cargo" "+cfbc6d4cf1acbac5c025acf8ed68929caa551df3" "fetch" "--locked" "--manifest-path" "Cargo.toml", kill_on_drop: false }`
[INFO] running `Command { std: "docker" "create" "-v" "/var/lib/crater-agent-workspace/builds/worker-9/target:/opt/rustwide/target:rw,Z" "-v" "/var/lib/crater-agent-workspace/builds/worker-9/source:/opt/rustwide/workdir:ro,Z" "-v" "/var/lib/crater-agent-workspace/cargo-home:/opt/rustwide/cargo-home:ro,Z" "-v" "/var/lib/crater-agent-workspace/rustup-home:/opt/rustwide/rustup-home:ro,Z" "-e" "SOURCE_DIR=/opt/rustwide/workdir" "-e" "CARGO_TARGET_DIR=/opt/rustwide/target" "-e" "CARGO_HOME=/opt/rustwide/cargo-home" "-e" "RUSTUP_HOME=/opt/rustwide/rustup-home" "-w" "/opt/rustwide/workdir" "-m" "1610612736" "--user" "0:0" "--network" "none" "rustops/crates-build-env@sha256:a636fd89d022f18117e1dc8fb37a0a009933cdbbe082814857f0e2024962d47c" "/opt/rustwide/cargo-home/bin/cargo" "+cfbc6d4cf1acbac5c025acf8ed68929caa551df3" "metadata" "--no-deps" "--format-version=1", kill_on_drop: false }`
[INFO] [stdout] 630678660c7991912ff7a8666c708aab75e3eef0c9a29c55d630cebc3283ef0d
[INFO] [stderr] WARNING: Your kernel does not support swap limit capabilities or the cgroup is not mounted. Memory limited without swap.
[INFO] running `Command { std: "docker" "start" "-a" "630678660c7991912ff7a8666c708aab75e3eef0c9a29c55d630cebc3283ef0d", kill_on_drop: false }`
[INFO] running `Command { std: "docker" "inspect" "630678660c7991912ff7a8666c708aab75e3eef0c9a29c55d630cebc3283ef0d", kill_on_drop: false }`
[INFO] running `Command { std: "docker" "rm" "-f" "630678660c7991912ff7a8666c708aab75e3eef0c9a29c55d630cebc3283ef0d", kill_on_drop: false }`
[INFO] [stdout] 630678660c7991912ff7a8666c708aab75e3eef0c9a29c55d630cebc3283ef0d
[INFO] running `Command { std: "docker" "create" "-v" "/var/lib/crater-agent-workspace/builds/worker-9/target:/opt/rustwide/target:rw,Z" "-v" "/var/lib/crater-agent-workspace/builds/worker-9/source:/opt/rustwide/workdir:ro,Z" "-v" "/var/lib/crater-agent-workspace/cargo-home:/opt/rustwide/cargo-home:ro,Z" "-v" "/var/lib/crater-agent-workspace/rustup-home:/opt/rustwide/rustup-home:ro,Z" "-e" "SOURCE_DIR=/opt/rustwide/workdir" "-e" "CARGO_TARGET_DIR=/opt/rustwide/target" "-e" "CARGO_INCREMENTAL=0" "-e" "RUST_BACKTRACE=full" "-e" "RUSTFLAGS=--cap-lints=forbid" "-e" "CARGO_HOME=/opt/rustwide/cargo-home" "-e" "RUSTUP_HOME=/opt/rustwide/rustup-home" "-w" "/opt/rustwide/workdir" "-m" "1610612736" "--user" "0:0" "--network" "none" "rustops/crates-build-env@sha256:a636fd89d022f18117e1dc8fb37a0a009933cdbbe082814857f0e2024962d47c" "/opt/rustwide/cargo-home/bin/cargo" "+cfbc6d4cf1acbac5c025acf8ed68929caa551df3" "check" "--frozen" "--all" "--all-targets" "--message-format=json", kill_on_drop: false }`
[INFO] [stdout] 1f08c1ffc78907974435bd83aab322b7412d8fb039b9d4e810ca9f0c53062763
[INFO] [stderr] WARNING: Your kernel does not support swap limit capabilities or the cgroup is not mounted. Memory limited without swap.
[INFO] running `Command { std: "docker" "start" "-a" "1f08c1ffc78907974435bd83aab322b7412d8fb039b9d4e810ca9f0c53062763", kill_on_drop: false }`
[INFO] [stderr]     Checking arrayvec v0.5.1
[INFO] [stderr]    Compiling num-traits v0.2.10
[INFO] [stderr]    Compiling num-integer v0.1.41
[INFO] [stderr]     Checking adventofcode2019 v0.1.0 (/opt/rustwide/workdir)
[INFO] [stdout] warning: unused import: `std::time::Instant`
[INFO] [stdout]  --> src/bin/day16.rs:2:5
[INFO] [stdout]   |
[INFO] [stdout] 2 | use std::time::Instant;
[INFO] [stdout]   |     ^^^^^^^^^^^^^^^^^^
[INFO] [stdout]   |
[INFO] [stdout]   = note: `#[warn(unused_imports)]` on by default
[INFO] [stdout] 
[INFO] [stdout] 
[INFO] [stdout] warning: unused label
[INFO] [stdout]   --> src/bin/day23.rs:27:5
[INFO] [stdout]    |
[INFO] [stdout] 27 |     'outer: loop {
[INFO] [stdout]    |     ^^^^^^
[INFO] [stdout]    |
[INFO] [stdout]    = note: `#[warn(unused_labels)]` on by default
[INFO] [stdout] 
[INFO] [stdout] 
[INFO] [stdout] error: Choose feature part-one or part-two
[INFO] [stdout]  --> src/bin/day04.rs:2:1
[INFO] [stdout]   |
[INFO] [stdout] 2 | compile_error!("Choose feature part-one or part-two");
[INFO] [stdout]   | ^^^^^^^^^^^^^^^^^^^^^^^^^^^^^^^^^^^^^^^^^^^^^^^^^^^^^^
[INFO] [stdout] 
[INFO] [stdout] 
[INFO] [stdout] error[E0425]: cannot find value `double` in this scope
[INFO] [stdout]   --> src/bin/day04.rs:21:21
[INFO] [stdout]    |
[INFO] [stdout] 21 |       increasing && double
[INFO] [stdout]    |                     ^^^^^^ not found in this scope
[INFO] [stdout] 
[INFO] [stdout] 
[INFO] [stdout] error[E0004]: non-exhaustive patterns: `Input(_)` not covered
[INFO] [stdout]    --> src/bin/day05.rs:104:11
[INFO] [stdout]     |
[INFO] [stdout] 61  | / enum OpCode {
[INFO] [stdout] 62  | |   Add(ParameterMode, ParameterMode, ParameterMode),
[INFO] [stdout] 63  | |   Multiply(ParameterMode, ParameterMode, ParameterMode),
[INFO] [stdout] 64  | |   Input(ParameterMode),
[INFO] [stdout]     | |   ----- not covered
[INFO] [stdout] ...   |
[INFO] [stdout] 74  | |   Equals(ParameterMode, ParameterMode, ParameterMode),
[INFO] [stdout] 75  | | }
[INFO] [stdout]     | |_- `OpCode` defined here
[INFO] [stdout] ...
[INFO] [stdout] 104 |       match self {
[INFO] [stdout]     |             ^^^^ pattern `Input(_)` not covered
[INFO] [stdout]     |
[INFO] [stdout]     = help: ensure that all possible cases are being handled, possibly by adding wildcards or more match arms
[INFO] [stdout]     = note: the matched value is of type `OpCode`
[INFO] [stdout] 
[INFO] [stdout] 
[INFO] [stdout] warning: unused variable: `codes_1`
[INFO] [stdout]    --> src/bin/day05.rs:180:7
[INFO] [stdout]     |
[INFO] [stdout] 180 |   let mut codes_1 = vec![3, 9, 8, 9, 10, 9, 4, 9, 99, -1, 8];
[INFO] [stdout]     |       ^^^^^^^^^^^ help: if this is intentional, prefix it with an underscore: `_codes_1`
[INFO] [stdout]     |
[INFO] [stdout]     = note: `#[warn(unused_variables)]` on by default
[INFO] [stdout] 
[INFO] [stdout] 
[INFO] [stdout] warning: unused variable: `codes_2`
[INFO] [stdout]    --> src/bin/day05.rs:182:7
[INFO] [stdout]     |
[INFO] [stdout] 182 |   let mut codes_2 = vec![3, 9, 7, 9, 10, 9, 4, 9, 99, -1, 8];
[INFO] [stdout]     |       ^^^^^^^^^^^ help: if this is intentional, prefix it with an underscore: `_codes_2`
[INFO] [stdout] 
[INFO] [stdout] 
[INFO] [stdout] warning: unused variable: `codes_3`
[INFO] [stdout]    --> src/bin/day05.rs:184:7
[INFO] [stdout]     |
[INFO] [stdout] 184 |   let mut codes_3 = vec![3, 3, 1108, -1, 8, 3, 4, 3, 99];
[INFO] [stdout]     |       ^^^^^^^^^^^ help: if this is intentional, prefix it with an underscore: `_codes_3`
[INFO] [stdout] 
[INFO] [stdout] 
[INFO] [stdout] warning: unused variable: `codes_4`
[INFO] [stdout]    --> src/bin/day05.rs:186:7
[INFO] [stdout]     |
[INFO] [stdout] 186 |   let mut codes_4 = vec![3, 3, 1107, -1, 8, 3, 4, 3, 99];
[INFO] [stdout]     |       ^^^^^^^^^^^ help: if this is intentional, prefix it with an underscore: `_codes_4`
[INFO] [stdout] 
[INFO] [stdout] 
[INFO] [stdout] warning: unused variable: `codes_5`
[INFO] [stdout]    --> src/bin/day05.rs:188:7
[INFO] [stdout]     |
[INFO] [stdout] 188 |   let mut codes_5 = vec![3, 12, 6, 12, 15, 1, 13, 14, 13, 4, 13, 99, -1, 0, 1, 9];
[INFO] [stdout]     |       ^^^^^^^^^^^ help: if this is intentional, prefix it with an underscore: `_codes_5`
[INFO] [stdout] 
[INFO] [stdout] 
[INFO] [stdout] warning: unused variable: `codes_6`
[INFO] [stdout]    --> src/bin/day05.rs:190:7
[INFO] [stdout]     |
[INFO] [stdout] 190 |   let mut codes_6 = vec![3, 3, 1105, -1, 9, 1101, 0, 0, 12, 4, 12, 99, 1];
[INFO] [stdout]     |       ^^^^^^^^^^^ help: if this is intentional, prefix it with an underscore: `_codes_6`
[INFO] [stdout] 
[INFO] [stdout] 
[INFO] [stdout] warning: unused variable: `codes`
[INFO] [stdout]   --> src/bin/day05.rs:78:42
[INFO] [stdout]    |
[INFO] [stdout] 78 |   fn move_position(self, current: usize, codes: &[i32]) -> usize {
[INFO] [stdout]    |                                          ^^^^^ help: if this is intentional, prefix it with an underscore: `_codes`
[INFO] [stdout] 
[INFO] [stdout] 
[INFO] [stdout] warning: variable does not need to be mutable
[INFO] [stdout]   --> src/bin/day16.rs:69:9
[INFO] [stdout]    |
[INFO] [stdout] 69 |     let mut new_elements = self
[INFO] [stdout]    |         ----^^^^^^^^^^^^
[INFO] [stdout]    |         |
[INFO] [stdout]    |         help: remove this `mut`
[INFO] [stdout]    |
[INFO] [stdout]    = note: `#[warn(unused_mut)]` on by default
[INFO] [stdout] 
[INFO] [stdout] 
[INFO] [stdout] warning: variable does not need to be mutable
[INFO] [stdout]    --> src/bin/day05.rs:180:7
[INFO] [stdout]     |
[INFO] [stdout] 180 |   let mut codes_1 = vec![3, 9, 8, 9, 10, 9, 4, 9, 99, -1, 8];
[INFO] [stdout]     |       ----^^^^^^^
[INFO] [stdout]     |       |
[INFO] [stdout]     |       help: remove this `mut`
[INFO] [stdout]     |
[INFO] [stdout]     = note: `#[warn(unused_mut)]` on by default
[INFO] [stdout] 
[INFO] [stdout] 
[INFO] [stdout] warning: variable does not need to be mutable
[INFO] [stdout]    --> src/bin/day05.rs:182:7
[INFO] [stdout]     |
[INFO] [stdout] 182 |   let mut codes_2 = vec![3, 9, 7, 9, 10, 9, 4, 9, 99, -1, 8];
[INFO] [stdout]     |       ----^^^^^^^
[INFO] [stdout]     |       |
[INFO] [stdout]     |       help: remove this `mut`
[INFO] [stdout] 
[INFO] [stdout] 
[INFO] [stdout] warning: variable does not need to be mutable
[INFO] [stdout]    --> src/bin/day05.rs:184:7
[INFO] [stdout]     |
[INFO] [stdout] 184 |   let mut codes_3 = vec![3, 3, 1108, -1, 8, 3, 4, 3, 99];
[INFO] [stdout]     |       ----^^^^^^^
[INFO] [stdout]     |       |
[INFO] [stdout]     |       help: remove this `mut`
[INFO] [stdout] 
[INFO] [stdout] 
[INFO] [stdout] warning: variable does not need to be mutable
[INFO] [stdout]    --> src/bin/day05.rs:186:7
[INFO] [stdout]     |
[INFO] [stdout] 186 |   let mut codes_4 = vec![3, 3, 1107, -1, 8, 3, 4, 3, 99];
[INFO] [stdout]     |       ----^^^^^^^
[INFO] [stdout]     |       |
[INFO] [stdout]     |       help: remove this `mut`
[INFO] [stdout] 
[INFO] [stdout] 
[INFO] [stdout] warning: variable does not need to be mutable
[INFO] [stdout]    --> src/bin/day05.rs:188:7
[INFO] [stdout]     |
[INFO] [stdout] 188 |   let mut codes_5 = vec![3, 12, 6, 12, 15, 1, 13, 14, 13, 4, 13, 99, -1, 0, 1, 9];
[INFO] [stdout]     |       ----^^^^^^^
[INFO] [stdout]     |       |
[INFO] [stdout]     |       help: remove this `mut`
[INFO] [stdout] 
[INFO] [stdout] 
[INFO] [stdout] warning: variable does not need to be mutable
[INFO] [stdout]    --> src/bin/day05.rs:190:7
[INFO] [stdout]     |
[INFO] [stdout] 190 |   let mut codes_6 = vec![3, 3, 1105, -1, 9, 1101, 0, 0, 12, 4, 12, 99, 1];
[INFO] [stdout]     |       ----^^^^^^^
[INFO] [stdout]     |       |
[INFO] [stdout]     |       help: remove this `mut`
[INFO] [stdout] 
[INFO] [stdout] 
[INFO] [stdout] error: aborting due to previous error; 13 warnings emitted
[INFO] [stdout] 
[INFO] [stdout] 
[INFO] [stdout] For more information about this error, try `rustc --explain E0004`.
[INFO] [stdout] 
[INFO] [stderr] error: could not compile `adventofcode2019`.
[INFO] [stderr] 
[INFO] [stderr] To learn more, run the command again with --verbose.
[INFO] [stderr] warning: build failed, waiting for other jobs to finish...
[INFO] [stdout] error: aborting due to 2 previous errors
[INFO] [stdout] 
[INFO] [stdout] 
[INFO] [stdout] For more information about this error, try `rustc --explain E0425`.
[INFO] [stdout] 
[INFO] [stdout] warning: 2 warnings emitted
[INFO] [stdout] 
[INFO] [stdout] 
[INFO] [stdout] error[E0425]: cannot find function `optimize_thrust` in this scope
[INFO] [stdout]  --> src/bin/day07.rs:9:20
[INFO] [stdout]   |
[INFO] [stdout] 9 |   let max_thrust = optimize_thrust(&base_program);
[INFO] [stdout]   |                    ^^^^^^^^^^^^^^^ not found in this scope
[INFO] [stdout] 
[INFO] [stdout] 
[INFO] [stdout] warning: unused variable: `output`
[INFO] [stdout]    --> src/bin/day13.rs:162:11
[INFO] [stdout]     |
[INFO] [stdout] 162 |       let output = self.apply(opcode);
[INFO] [stdout]     |           ^^^^^^ help: if this is intentional, prefix it with an underscore: `_output`
[INFO] [stdout]     |
[INFO] [stdout]     = note: `#[warn(unused_variables)]` on by default
[INFO] [stdout] 
[INFO] [stdout] 
[INFO] [stdout] error: aborting due to previous error
[INFO] [stdout] 
[INFO] [stdout] 
[INFO] [stdout] For more information about this error, try `rustc --explain E0425`.
[INFO] [stdout] 
[INFO] [stdout] warning: associated function is never used: `count_tiles`
[INFO] [stdout]   --> src/bin/day13.rs:55:6
[INFO] [stdout]    |
[INFO] [stdout] 55 |   fn count_tiles(&self, tile: Tile) -> usize {
[INFO] [stdout]    |      ^^^^^^^^^^^
[INFO] [stdout]    |
[INFO] [stdout]    = note: `#[warn(dead_code)]` on by default
[INFO] [stdout] 
[INFO] [stdout] 
[INFO] [stdout] warning: associated function is never used: `print`
[INFO] [stdout]   --> src/bin/day13.rs:58:6
[INFO] [stdout]    |
[INFO] [stdout] 58 |   fn print(&self) {
[INFO] [stdout]    |      ^^^^^
[INFO] [stdout] 
[INFO] [stdout] 
[INFO] [stdout] warning: associated function is never used: `name`
[INFO] [stdout]    --> src/bin/day13.rs:152:6
[INFO] [stdout]     |
[INFO] [stdout] 152 |   fn name(mut self, s: impl Into<String>) -> Self {
[INFO] [stdout]     |      ^^^^
[INFO] [stdout] 
[INFO] [stdout] 
[INFO] [stdout] warning: associated function is never used: `run`
[INFO] [stdout]    --> src/bin/day13.rs:156:6
[INFO] [stdout]     |
[INFO] [stdout] 156 |   fn run(&mut self) -> Option<I> {
[INFO] [stdout]     |      ^^^
[INFO] [stdout] 
[INFO] [stdout] 
[INFO] [stdout] warning: associated function is never used: `move_position`
[INFO] [stdout]    --> src/bin/day13.rs:169:6
[INFO] [stdout]     |
[INFO] [stdout] 169 |   fn move_position(&mut self, opcode: OpCode) {
[INFO] [stdout]     |      ^^^^^^^^^^^^^
[INFO] [stdout] 
[INFO] [stdout] 
[INFO] [stdout] warning: associated function is never used: `apply`
[INFO] [stdout]    --> src/bin/day13.rs:193:6
[INFO] [stdout]     |
[INFO] [stdout] 193 |   fn apply(&mut self, opcode: OpCode) -> Option<I> {
[INFO] [stdout]     |      ^^^^^
[INFO] [stdout] 
[INFO] [stdout] 
[INFO] [stdout] warning: associated function is never used: `value`
[INFO] [stdout]    --> src/bin/day13.rs:293:6
[INFO] [stdout]     |
[INFO] [stdout] 293 |   fn value(self, codes: &[I], relative_position: I) -> I {
[INFO] [stdout]     |      ^^^^^
[INFO] [stdout] 
[INFO] [stdout] 
[INFO] [stdout] warning: associated function is never used: `position`
[INFO] [stdout]    --> src/bin/day13.rs:302:6
[INFO] [stdout]     |
[INFO] [stdout] 302 |   fn position(self, relative_position: I) -> usize {
[INFO] [stdout]     |      ^^^^^^^^
[INFO] [stdout] 
[INFO] [stdout] 
[INFO] [stdout] warning: associated function is never used: `name`
[INFO] [stdout]    --> src/bin/day11.rs:155:6
[INFO] [stdout]     |
[INFO] [stdout] 155 |   fn name(mut self, s: impl Into<String>) -> Self {
[INFO] [stdout]     |      ^^^^
[INFO] [stdout]     |
[INFO] [stdout]     = note: `#[warn(dead_code)]` on by default
[INFO] [stdout] 
[INFO] [stdout] 
[INFO] [stdout] warning: associated function is never used: `i`
[INFO] [stdout]    --> src/bin/day11.rs:263:6
[INFO] [stdout]     |
[INFO] [stdout] 263 |   fn i(mut self, i: I) -> Self {
[INFO] [stdout]     |      ^
[INFO] [stdout] 
[INFO] [stdout] 
[INFO] [stdout] warning: 9 warnings emitted
[INFO] [stdout] 
[INFO] [stdout] 
[INFO] [stdout] warning: 2 warnings emitted
[INFO] [stdout] 
[INFO] [stdout] 
[INFO] [stdout] warning: 1 warning emitted
[INFO] [stdout] 
[INFO] [stdout] 
[INFO] [stderr] error: build failed
[INFO] running `Command { std: "docker" "inspect" "1f08c1ffc78907974435bd83aab322b7412d8fb039b9d4e810ca9f0c53062763", kill_on_drop: false }`
[INFO] running `Command { std: "docker" "rm" "-f" "1f08c1ffc78907974435bd83aab322b7412d8fb039b9d4e810ca9f0c53062763", kill_on_drop: false }`
[INFO] [stdout] 1f08c1ffc78907974435bd83aab322b7412d8fb039b9d4e810ca9f0c53062763
